{"version":"1.0","provider_name":"Vilarrasa","provider_url":"https:\/\/vilarrasa.com\/es\/","author_name":"Blanca Vila","author_url":"https:\/\/vilarrasa.com\/es\/author\/blanca-vila\/","title":"El potencial del reciclado mec\u00e1nico de textiles postconsumo - Vilarrasa","type":"rich","width":600,"height":338,"html":"<blockquote class=\"wp-embedded-content\"><a href=\"https:\/\/vilarrasa.com\/es\/el-potencial-del-reciclado-mecanico-de-textiles-postconsumo\/\">El potencial del reciclado mec\u00e1nico de textiles postconsumo<\/a><\/blockquote>\n<script type='text\/javascript'>\n<!--\/\/--><![CDATA[\/\/><!--\n\t\t\/*! This file is auto-generated *\/\n\t\t!function(d,l){\"use strict\";var e=!1,n=!1;if(l.querySelector)if(d.addEventListener)e=!0;if(d.wp=d.wp||{},!d.wp.receiveEmbedMessage)if(d.wp.receiveEmbedMessage=function(e){var t=e.data;if(t)if(t.secret||t.message||t.value)if(!\/[^a-zA-Z0-9]\/.test(t.secret)){for(var r,i,a,s=l.querySelectorAll('iframe[data-secret=\"'+t.secret+'\"]'),n=l.querySelectorAll('blockquote[data-secret=\"'+t.secret+'\"]'),o=new RegExp(\"^https?:$\",\"i\"),c=0;c<n.length;c++)n[c].style.display=\"none\";for(c=0;c<s.length;c++)if(r=s[c],e.source===r.contentWindow){if(r.removeAttribute(\"style\"),\"height\"===t.message){if(1e3<(a=parseInt(t.value,10)))a=1e3;else if(~~a<200)a=200;r.height=a}if(\"link\"===t.message)if(i=l.createElement(\"a\"),a=l.createElement(\"a\"),i.href=r.getAttribute(\"src\"),a.href=t.value,o.test(a.protocol))if(a.host===i.host)if(l.activeElement===r)d.top.location.href=t.value}}},e)d.addEventListener(\"message\",d.wp.receiveEmbedMessage,!1),l.addEventListener(\"DOMContentLoaded\",t,!1),d.addEventListener(\"load\",t,!1);function t(){if(!n){n=!0;for(var e,t,r=-1!==navigator.appVersion.indexOf(\"MSIE 10\"),i=!!navigator.userAgent.match(\/Trident.*rv:11\\.\/),a=l.querySelectorAll(\"iframe.wp-embedded-content\"),s=0;s<a.length;s++){if(!(e=a[s]).getAttribute(\"data-secret\"))t=Math.random().toString(36).substr(2,10),e.src+=\"#?secret=\"+t,e.setAttribute(\"data-secret\",t);if(r||i)(t=e.cloneNode(!0)).removeAttribute(\"security\"),e.parentNode.replaceChild(t,e)}}}}(window,document);\n\/\/--><!]]>\n<\/script><iframe sandbox=\"allow-scripts\" security=\"restricted\" src=\"https:\/\/vilarrasa.com\/es\/el-potencial-del-reciclado-mecanico-de-textiles-postconsumo\/embed\/\" width=\"600\" height=\"338\" title=\"\u00abEl potencial del reciclado mec\u00e1nico de textiles postconsumo\u00bb \u2014 Vilarrasa\" frameborder=\"0\" marginwidth=\"0\" marginheight=\"0\" scrolling=\"no\" class=\"wp-embedded-content\"><\/iframe>","thumbnail_url":"https:\/\/vilarrasa.com\/wp-content\/uploads\/2023\/10\/BALAS-DENIM.png","thumbnail_width":985,"thumbnail_height":522,"description":"El reciclado mec\u00e1nico es un m\u00e9todo prometedor para gestionar los textiles postconsumo y abordar el impacto ambiental de la industria de la moda. Los residuos textiles son un problema importante, ya que millones de toneladas acaban en los vertederos cada a\u00f1o. El reciclado mec\u00e1nico ofrece un enfoque sostenible para reducir estos residuos y prolongar la&hellip;&nbsp;Leer m\u00e1s &raquo;"}

El potencial del reciclado mecánico de textiles postconsumo - Vilarrasa

<blockquote class="wp-embedded-content"><a href="https://vilarrasa.com/es/el-potencial-del-reciclado-mecanico-de-textiles-postconsumo/">El potencial del reciclado mecánico de textiles postconsumo</a></blockquote>
<script type='text/javascript'>
<!--//--><![CDATA[//><!--
		/*! This file is auto-generated */
		!function(d,l){"use strict";var e=!1,n=!1;if(l.querySelector)if(d.addEventListener)e=!0;if(d.wp=d.wp||{},!d.wp.receiveEmbedMessage)if(d.wp.receiveEmbedMessage=function(e){var t=e.data;if(t)if(t.secret||t.message||t.value)if(!/[^a-zA-Z0-9]/.test(t.secret)){for(var r,i,a,s=l.querySelectorAll('iframe[data-secret="'+t.secret+'"]'),n=l.querySelectorAll('blockquote[data-secret="'+t.secret+'"]'),o=new RegExp("^https?:$","i"),c=0;c<n.length;c++)n[c].style.display="none";for(c=0;c<s.length;c++)if(r=s[c],e.source===r.contentWindow){if(r.removeAttribute("style"),"height"===t.message){if(1e3<(a=parseInt(t.value,10)))a=1e3;else if(~~a<200)a=200;r.height=a}if("link"===t.message)if(i=l.createElement("a"),a=l.createElement("a"),i.href=r.getAttribute("src"),a.href=t.value,o.test(a.protocol))if(a.host===i.host)if(l.activeElement===r)d.top.location.href=t.value}}},e)d.addEventListener("message",d.wp.receiveEmbedMessage,!1),l.addEventListener("DOMContentLoaded",t,!1),d.addEventListener("load",t,!1);function t(){if(!n){n=!0;for(var e,t,r=-1!==navigator.appVersion.indexOf("MSIE 10"),i=!!navigator.userAgent.match(/Trident.*rv:11\./),a=l.querySelectorAll("iframe.wp-embedded-content"),s=0;s<a.length;s++){if(!(e=a[s]).getAttribute("data-secret"))t=Math.random().toString(36).substr(2,10),e.src+="#?secret="+t,e.setAttribute("data-secret",t);if(r||i)(t=e.cloneNode(!0)).removeAttribute("security"),e.parentNode.replaceChild(t,e)}}}}(window,document);
//--><!]]>
</script><iframe sandbox="allow-scripts" security="restricted" src="https://vilarrasa.com/es/el-potencial-del-reciclado-mecanico-de-textiles-postconsumo/embed/" width="600" height="338" title="«El potencial del reciclado mecánico de textiles postconsumo» — Vilarrasa" frameborder="0" marginwidth="0" marginheight="0" scrolling="no" class="wp-embedded-content"></iframe>

El reciclado mecánico es un método prometedor para gestionar los textiles postconsumo y abordar el impacto ambiental de la industria de la moda. Los residuos textiles son un problema importante, ya que millones de toneladas acaban en los vertederos cada año. El reciclado mecánico ofrece un enfoque sostenible para reducir estos residuos y prolongar la&hellip;&nbsp;Leer más &raquo;
